 156, 0 = -6*i + i + 2*f + 286. What are the prime factors of i?
2, 7
List the prime factors of 2/8 - (-115353)/252.
2, 229
Suppose 6*c - 3*c - 102 = 0. Let t = 15 + c. List the prime factors of t.
7
Let x = 131 + -80. Let z = 148 - x. List the prime factors of z.
97
Let h = -22 + 26. Suppose 4*r - 3*d = 131, -5*r - h*d + 59 = -97. List the prime factors of r.
2
Let x = -2563 - -4597. List the prime factors of x.
2, 3, 113
Suppose 0 = 2*z + g + 189, 2*g + 47 = -z - 55. Let l(d) = -9*d**2 - 5*d + 4. Let t be l(4). Let j = z - t. List the prime factors of j.
2, 17
Suppose -155 - 263 = -2*v. List the prime factors of v.
11, 19
Let h = 470 - 313. What are the prime factors of h?
157
Let o = 997 + -168. List the prime factors of o.
829
Let s(j) = j**2. Let a be s(-2). Suppose -19 = -a*y + 125. What are the prime factors of y?
2, 3
Suppose 3*t + 8 = 5*t. Suppose 2*b + 381 = 4*u + 3*b, 2*u - 180 = -t*b. Let p = u + -43. List the prime factors of p.
53
Let h(g) = g**3 + 4*g**2 + 2*g + 3. Let x be h(-3). Suppose -x*r + 179 = -r - 3*w, 0 = 2*w - 4. Let m = r + -21. What are the prime factors of m?
2
Suppose 16*l + 4140 = 22*l. What are the prime factors of l?
2, 3, 5, 23
Let x(k) = 3*k - 11. Let d be x(9). List the prime factors of 1506/d + 1/(-8).
2, 47
Let q(p) = -p**3 + 6*p**2 - 5*p - 7. Let i be q(5). Let w = i + 10. Suppose 3*o - 110 = -2*o - h, 2*o - w*h - 44 = 0. List the prime factors of o.
2, 11
Let v(i) = -i - 1. Let h be v(0). List the prime factors of (-49)/(-4) - h/(-4).
2, 3
Let f = -4 - -9. Suppose -2 = 3*j - d - 12, 0 = 4*j + 2*d. Suppose -j*r + 3*q + f = -6, -4*r + 5*q = -23. What are the prime factors of r?
7
Suppose -3679 = -2*s - o, -4*o - 3667 = -2*s - 9*o. List the prime factors of s.
7, 263
Let w = 8 + -2. Let q be (4/w)/((-3)/(-9)). Suppose -z = -o - 18, 0*o = -o + q. What are the prime factors of z?
2, 5
Let s(b) = -b**3 + 7*b**2 - 4*b + 32. Let h be s(7). What are the prime factors of (-1)/(h - (-905)/(-226))?
2, 113
Let i be (3 - -1)*14/(-4). Let n = -9 - i. Suppose 0 = 2*d - d - n. What are the prime factors of d?
5
Suppose i + 16 = -19. Let f = 37 - i. What are the prime factors of f?
2, 3
Suppose i - 2077 = -680. List the prime factors of i.
11, 127
Let r(g) = -6*g + 20. Let t be r(8). Let p = t - -33. Suppose 4*u = 3*h - 0*u - 185, p*u = -h + 49. List the prime factors of h.
59
Suppose 333*s = 324*s + 819. List the prime factors of s.
7, 13
Suppose -5*w = -5*y + 9460, 5*y + 3*w - 5263 = 4197. List the prime factors of y.
2, 11, 43
Let p(h) = h + 8. Let t be p(-4). Let w be (-8)/(2 + (4 - t)). What are the prime factors of (w/6)/(-2)*93?
31
Let t = 82 + -56. Suppose -4*k + 382 = -t. What are the prime factors of k?
2, 3, 17
What are the prime factors of 96/18*(-2820)/(-16)?
2, 5, 47
List the prime factors of 1630 + (-5 - -2 - 3).
2, 7, 29
Let m(t) = 22*t - 58. What are the prime factors of m(12)?
2, 103
Let z(k) be the second derivative of k**4/12 - k**3/6 - 3*k**2/2 - k. Suppose 0 = -3*m - 3*i + i + 7, -4*m + 4 = 4*i. What are the prime factors of z(m)?
17
Let h(i) = 8*i**2 - 32*i + 9. List the prime factors of h(13).
3, 5, 7
Let l = 72 - 69. List the prime factors of ((-9)/l)/(-1)*28.
2, 3, 7
Let s(f) = f + 7. Let d be s(-7). Suppose d*b = -2*b + 3*t + 250, b - 125 = 3*t. Suppose -k = -2*v - 33 - 1, v = 5*k - b. List the prime factors of k.
2, 3
What are the prime factors of -5 + (-1 - 2)/(-1) + 379?
13, 29
Let i(y) = y**3 + 2*y**2 + 2*y - 1. Let j be i(-3). List the prime factors of ((-12)/j)/(3/96).
2, 3
Let g be 8 + (-2 - 0 - (-7 + 7)). Suppose 101 = g*u - 151. List the prime factors of u.
2, 3, 7
Let b(p) = 2*p. Let h be b(1). Let d be 20 + (h - -2)*-1. Suppose -n = -d + 2. What are the prime factors of n?
2, 7
What are the prime factors of 1*(-55766)/(-10) - 424/(-1060)?
3, 11, 13
List the prime factors of -25*1*75/(-25).
3, 5
Let i(y) = y**2 + 3*y + 6. Let v be i(-6). Let z(n) = -n**3 + 24*n**2 + 5*n + 30. What are the prime factors of z(v)?
2, 3, 5
Let c(m) = 4*m - 29. Let u be c(11). Suppose u*k - 13*k = 346. What are the prime factors of k?
173
Suppose x = -x + 6898. What are the prime factors of x?
3449
Suppose -5*c = -3*b + 121, -3*b + 5*c - 27 = -4*b. Let g = b - 28. What are the prime factors of g?
3
Suppose 3*b - 8*b = -30. Suppose 27 = 3*h - b. List the prime factors of h.
11
Let n be (2 - -1 - 5)*-4. Suppose 4*b - n*b + 40 = 2*y, -50 = -5*b - 4*y. Suppose b + 19 = g. List the prime factors of g.
29
Suppose 0*x = -4*x. Let j be 1/(-3 + 1)*x. Suppose -l - 3*d + 22 = j, -l + 2*d = -4*l + 38. What are the prime factors of l?
2, 5
Let k = 165 - 36. Let j = 218 - k. List the prime factors of j.
89
Let j = 14 - 29. Let q = j - -19. Suppose -q*x + 84 = -3*u, -2*u = -x - 4*u + 21. What are the prime factors of x?
3, 7
Let l = -479 + 514. What are the prime factors of l?
5, 7
Let b = 109 - -6. Suppose 3*h + 2*h = b. List the prime factors of h.
23
Let o = 140 - 134. Suppose -2*w = -4*n - 30, 0 = 4*n - 2*n + o. What are the prime factors of w?
3
Let a = -350 + 716. List the prime factors of a.
2, 3, 61
Suppose 6*z = 18 - 0. Let b(m) = 52 - 48 - 4*m - z*m. List the prime factors of b(-9).
67
Let b = -100 - -44. List the prime factors of (-544)/(-3) + (-4 - b/12).
2, 7, 13
Suppose -3*m - 2*n + 9919 = 0, 5*m - n - 9385 = 7125. List the prime factors of m.
3, 367
Let j = 9 + 40. Let y = j + -29. What are the prime factors of y?
2, 5
Let a(f) = f**3 + 10*f**2 - 16*f + 10. Suppose 3*v + 2*n = -32, 5*n = -4*v - 25 - 13. Let g be a(v). Let t = -54 - g. What are the prime factors of t?
2
Let n(t) = t**3 + 12*t**2 + 8*t - 11. Let b be 25/(-3) + (-8)/12. Let r be n(b). Suppose -3*o + r = o. List the prime factors of o.
2, 5
Let i = 464 - 170. Suppose -5*v - v + i = 0. What are the prime factors of v?
7
Let f = 586 - 164. What are the prime factors of f?
2, 211
Let m(i) = i**2 - 27*i + 60. What are the prime factors of m(30)?
2, 3, 5
Suppose 53*y - 27236 = 9*y. What are the prime factors of y?
619
Suppose -44 = -3*c - 5*w, 3*c - 41 = 2*w - 4*w. Suppose c + 239 = 9*z. List the prime factors of z.
2, 7
Let p(g) = -g**3 - g**2 + g - 2. Let r be p(2). Let m = -7 - r. Suppose m = -5*h + 45. List the prime factors of h.
2
Let a = 119 - 251. Let d = -107 - a. List the prime factors of d.
5
Let b(v) = -87*v - 30. Let l be b(4). Let s = 627 + l. List the prime factors of s.
3, 83
Let h be (-18)/6 + 22/(-2). Let l = h + 27. Suppose -l*m = -11*m - 116. List the prime factors of m.
2, 29
Suppose -3*z = 3 - 9. Suppose -4*q = -4*m + 416, -z*m + 2*q + 218 = -2*q. List the prime factors of m.
3, 11
Let m(q) be the first derivative of -53*q**2/2 + 2*q + 4. What are the prime factors of m(-1)?
5, 11
Suppose -3*a + 3*i = -963, 2*a + 333 = 3*a - 5*i. Suppose 0*m = 2*m - a. Suppose -3*j + 4*u = -106, 4*j - u = m - 22. List the prime factors of j.
2, 17
Suppose -z = -3*z. Suppose -h = -z*h - 3. Suppose h*x + 104 = 4*g, -3*x = 2*g + 2*g - 80. What are the prime factors of g?
23
Suppose 2*k + 4*g - 7 = g, -1 = -3*k + 5*g. What are the prime factors of (-13)/(1/11*(1 - k))?
11, 13
Let q(c) be the second derivative of c**5/20 + c**2/2 + 4*c. Let d be q(-1). Suppose d = 9*o - 4*o - 90. What are the prime factors of o?
2, 3
Let y(x) = -x**3 - 16*x**2 - 23*x + 37. List the prime factors of y(-15).
157
Let l(n) = n**2 - 20*n - 113. List the prime factors of l(37).
2, 3, 43
Suppose d = -0*d + 4. Suppose d = y + 2. Suppose 72 = 4*f - 4*r, 5*r - y*r = -9. List the prime factors of f.
3, 5
Suppose 17 = 6*s - s + 3*h, 15 = 3*s - 3*h. Suppose 3*g = -s*j + 502, -3*j + 597 = 2*g + 221. What are the prime factors of j?
2, 31
Let b(m) = 14*m - 12. Let n be b(1). Suppose -n*w + p - 218 = -3*w, -3*w = -p - 654. List the prime factors of w.
2, 109
Let t = 49 + 1223. List the prime factors of t.
2, 3, 53
Let k(d) = d**2 + 4*d - 6. Let c be k(8). List the prime factors of (-632)/(-9) - 20/c.
2, 5, 7
Let w be 2/8 - (-1105)/(-52). List the prime factors of ((-183)/(-2))/(w/(-14)).
61
Suppose -8*f = -0*f - 2304. Suppose 68 = -4*h + f. What are the prime factors of h?
5, 11
Let h = -361 - -827. Suppose 3 = -3*r, -4*y + h = -4*r + 6*r. What are the prime factors of y?
3, 13
Let i = 1174 + 199. What are the prime factors of i?
1373
Let t(g) = 381*g**2 + 31*g + 65. List the 